*r. Let i be o(-6). Calculate the highest common divisor of 6 and i.
6
Suppose -5*p = -34 - 91. Let f(l) = 5*l**2 - 9*l - 12. Let r be f(12). Suppose 0*d - d = -a + 130, 5*d - r = -5*a. What is the highest common factor of a and p?
25
Let m(k) = k**3 - 11*k**2 - 11*k - 16. Let v be m(12). Let d be v + -3 + 20 + 1. What is the highest common factor of d and 70?
14
Let w be (-81)/(-15) - 4/10. Let t(n) = 143*n - 7. Let u be t(w). Suppose m - 184 = -5*d + d, 4*m - u = -2*d. What is the highest common divisor of 16 and m?
16
Let u be (0 - (-378 - 0)) + -7. What is the highest common divisor of u and 7?
7
Let g = -285 + 450. What is the greatest common factor of g and 66?
33
Let p(a) = 2*a + 2. Let w(o) = -2*o - 1. Let s(q) = -3*p(q) - 2*w(q). Let b be s(-6). Let m = -19 - -27. Calculate the highest common factor of m and b.
8
Let d(f) be the first derivative of f**4/4 + 13*f**3/3 + f**2 + 14*f + 2. Let y be d(-13). Let n = -2 - y. Calculate the highest common factor of n and 30.
10
Let o = 433 - 298. What is the greatest common factor of 54 and o?
27
Let c(w) = -w**3 + 2*w**2 + 3*w. Let t be c(-2). Let n be ((-12)/t)/(-6) + 219/5. What is the highest common factor of n and 22?
22
Let t = -3651 - -3662. Let y = 176 + -66. Calculate the highest common divisor of y and t.
11
Let v = -3 + -3. Let j be (-4)/6 + (-4)/v. Suppose 5*y - 28 - 12 = j. What is the greatest common factor of y and 40?
8
Suppose 5*u + 37 + 11 = -2*b, 20 = -5*u. Let k = b - -22. Let h(f) = 3*f**3 - 2*f**2 - 3*f + 2. Let p be h(3). What is the highest common factor of p and k?
8
Let w = -1 + 4. Let j be -2 + (48 - 3)/w. Let f = j + -4. Calculate the highest common divisor of f and 99.
9
Let l be 4*((-8)/(-16) - 0). Calculate the highest common factor of 43 and l.
1
Let p(c) be the first derivative of c**4 - 4*c**3/3 + 3*c**2 - 4*c + 10. Let l be p(2). Calculate the greatest common divisor of 8 and l.
8
Suppose 0*d + 4*d = 20. Suppose -10*q + d*q + 135 = 0. Suppose 5*y - 100 = -2*a, 5*y - 2*a = -7*a + 115. Calculate the highest common divisor of y and q.
9
Let d be 348/609*((-70)/4)/(-5). Calculate the greatest common factor of 142 and d.
2
Let g(f) = -f**2 + 6*f - 3. Let v be g(2). Suppose 0 = -a - d + 3, v*d - 16 = -1. Suppose a*c = 5*c - 50. What is the highest common factor of 10 and c?
10
Let f(k) be the third derivative of 0*k + 0 + 1/24*k**4 - k**2 - 13/6*k**3. Let j be f(18). What is the greatest common factor of 20 and j?
5
Let h be (27/18)/(-3)*-26. What is the highest common factor of 416 and h?
13
Suppose -j + 106 = 3*b, -5*j + 114 = 3*b - 2*j. Calculate the greatest common divisor of b and 187.
17
Let t be (2 - -36) + 22/(-11). What is the greatest common factor of 81 and t?
9
Let q = 969 - 461. Calculate the highest common divisor of 635 and q.
127
Suppose -156 = c - 163. Calculate the highest common factor of c and 175.
7
Let x = -7 - -11. Suppose 5*i + 2*q - 690 = 0, 0 = -x*i + 3*i - 2*q + 130. Let f = 22 - 2. What is the highest common divisor of i and f?
20
Suppose 3*h = -y + 44 - 1, 5*h = -4*y + 60. Suppose 2*u - 5 - 3 = 0. What is the highest common divisor of u and h?
4
Suppose -323 = -1046*q + 1027*q. Let r(i) = 3*i - 3*i + 3*i - 4 - 3*i**3. Let g be r(-3). Calculate the greatest common divisor of g and q.
17
Suppose 4*w - 5*d + 11 - 109 = 0, 2*w = -5*d + 34. What is the highest common divisor of 242 and w?
22
Let a(g) = 9*g - 10. Let i(p) = 4*p - 5. Let d(s) = -2*a(s) + 5*i(s). Let y be d(4). Suppose z + y*z = 4. What is the highest common divisor of z and 11?
1
Let v(y) = 33*y - 20. Let a be v(7). Suppose r = 5*n - 105 + 311, -r + 4*n = -a. Calculate the greatest common divisor of 21 and r.
21
Let j(c) = -29*c + 10. Let w(d) = -57*d + 19. Let f(h) = 7*j(h) - 4*w(h). Let k be f(4). Suppose -2*r + 14 = -k. What is the greatest common divisor of r and 9?
9
Let u(j) = 4*j**2. Let n be u(1). Suppose 5*c + 3*v = 78, 3*c - 188 + 122 = -5*v. What is the highest common divisor of n and c?
4
Let j = -19 + 44. Suppose 27*w - 126 = j*w. Calculate the highest common divisor of 7 and w.
7
Suppose c - w - 24 = -1, -4*c = 2*w - 98. Calculate the greatest common factor of 18 and c.
6
Let f = 262 + -256. Calculate the highest common factor of f and 6.
6
Let x(f) = 25*f**2 - f + 1. Suppose -4*s = 4 - 8. Let t be -2 - (-6 - -3)/s. Let w be x(t). What is the greatest common divisor of w and 5?
5
Suppose -2*f + 1 = -9, -5*f - 665 = -5*z. Suppose -3*v + z = -9. Suppose -5*k + 25 = 0, -5*k + 39 = 2*b - 0. Calculate the highest common divisor of b and v.
7
Suppose -18*o - 108 + 378 = 0. Calculate the greatest common divisor of o and 145.
5
Suppose 0 = 19*o - 13*o - 30. Let s be 43/o + 6*(-2)/(-30). What is the greatest common factor of s and 81?
9
Suppose -5*z + 457 + 302 = r, -2*r + 150 = z. Calculate the highest common factor of 16 and z.
8
Let h(x) = x**2 + 4*x + 5*x - 4 - 6*x - 1. Let k be h(-4). Let d be (0 - k)/((-18)/(-468)). What is the highest common divisor of 39 and d?
13
Suppose -12*t + 9508 = -6392. What is the greatest common factor of t and 53?
53
Let k(q) = 86*q - 412. Let r be k(25). Calculate the greatest common factor of 22 and r.
22
Suppose 4*w - 103 = 17. Suppose w = n - 3*t, -2*n + 0*t + t = -70. Calculate the highest common factor of n and 12.
12
Suppose -7*q + 95 - 39 = 0. Let p(m) = m**2 - 7*m + 8. Let f be p(6). Let a = q - f. What is the highest common divisor of a and 2?
2
Let b(g) = g**3 + 7*g**2 - 7*g + 11. Let z be b(-8). Let d be -3*((-12)/z)/4. Calculate the highest common factor of d and 3.
3
Let o = -350 - -411. Calculate the greatest common factor of 671 and o.
61
Let r(t) = 1 - 20 + 3*t - 2*t**2 + 10*t + t**2. Let w be r(8). Calculate the highest common factor of w and 14.
7
Suppose -14*z + 62 + 92 = 0. What is the highest common factor of z and 2893?
11
Let q = 2072 + -560. Calculate the greatest common divisor of 72 and q.
72
Let z(u) = u**2 - 43*u - 104. Let b be z(54). Calculate the highest common factor of 210 and b.
70
Let i = 17 - 25. Let m be 2/3 + 10/(-15). Let x be m - (i/(-4) - 17). What is the highest common divisor of x and 30?
15
Let r(v) = 10*v**2 - 2*v. Let f be r(-1). Suppose 4 = -2*y + f. What is the greatest common divisor of 20 and y?
4
Suppose 0 = -31*w + 25*w + 384. Calculate the highest common divisor of 16 and w.
16
Let l be (-1 + (-1815)/(-10))*(-1 + 5). Suppose 558 + l = 5*s. What is the greatest common divisor of s and 32?
32
Let t = -971 - -1691. Calculate the highest common factor of 15 and t.
15
Suppose 53 = 4*i - 43. Suppose -19*l + i*l - 475 = 0. Suppose -18 = -2*z - f + 17, 5*z + 5*f = l. Calculate the greatest common divisor of 40 and z.
8
Suppose -24 = 6*c - 8*c. Let q be c/(-66) - (-3700)/22. Let d be -1 + (1 + 21)*1. What is the greatest common divisor of d and q?
21
Suppose -402 = -4*w + 1558. Calculate the highest common factor of w and 40.
10
Suppose 5*s - 2*z = 25, 8*s - 6*s = -z + 1. Calculate the greatest common factor of s and 219.
3
Let o be 48/(-10)*(-50)/30. Suppose 3*l = 4*l + i - 5, 0 = -5*l + 5*i - 15. What is the greatest common factor of l and o?
1
Let r(c) = c**2 - 8*c + 3. Let f be r(8). Suppose 4*b + 2*z = 94, 4*z = f*b - 4*b + 41. Calculate the greatest common factor of b and 147.
21
Suppose -4 = -2*v + 4. Let j = -18 + 15. Let l be 143/4 + j/(-12). What is the greatest common factor of v and l?
4
Let c(w) = -3*w. Let n be c(-7). Suppose 2*z - n = -s, 5*s - 40 = 5*z + 50. Calculate the highest common divisor of s and 133.
19
Let q = 267 + -239. Let i(j) = 3*j**2 - 3*j + 1. Let d be i(2). Calculate the greatest common divisor of d and q.
7
Suppose 0 = 19*b - 21*b + 20. Calculate the highest common divisor of b and 15.
5
Let u(w) be the third derivative of w**4/6 - 10*w**3/3 - 3*w**2. Let t be u(8). Calculate the greatest common divisor of t and 12.
12
Let r be 1582/12 + (-1)/(-6). Let q = 34 + -53. Let z = q + 31. What is the highest common divisor of r and z?
12
Suppose 13*w = 83*w - 71680. Calculate the greatest common factor of 96 and w.
32
Let h(n) = n**2 - 2*n + 2. Let l be h(0). Let v be -1 + (l/3)/((-4)/(-102)). Calculate the greatest common divisor of 8 and v.
8
Let j be 1 - 25*1/(-1). Suppose 5*d - 2*i - 2*i = j, 0 = -3*d + i + 17. Let r(p) = 8*p - 2. Let z be r(7). Calculate th